 is divided by h(1).
5
Let a(m) = m + 17. Suppose 5*k + 40 = k. Let g be a(k). Suppose g*z = 4*z + 33. Calculate the remainder when 30 is divided by z.
8
Let h(i) = i**3 - 14*i**2 + 19*i + 32. What is the remainder when h(13) is divided by 28?
26
Let y(n) = -n**3 - 5*n**2 + 5*n + 5. Suppose -388 = -6*u + 410. Let s = 151 - u. What is the remainder when s is divided by y(-6)?
7
Let h = -279 + 732. What is the remainder when h is divided by 20?
13
Suppose 0 = 4*u - 5*m - 33, 6 = -2*u + m - 3*m. Suppose 54 = 5*x - u*x. Calculate the remainder when 32 is divided by x.
14
Let b(q) = -q**2 - 8*q + 20. Let v be b(-10). Let a(y) = -y**3 + y**2 + y + 14. Calculate the remainder when 95 is divided by a(v).
11
Suppose 83 = s - 12. Suppose 44 + 28 = 5*l + 4*d, 3*d = 5*l - 86. Calculate the remainder when s is divided by l.
15
Let c be 3 + 1 - (1 + 0). Suppose 3*j = 5*g - 1, -3 = -3*j + 3*g - 0*g. Calculate the remainder when j is divided by (1 - 2 - -1) + c.
0
Suppose 3*d - 37 = -y + 10, y - 3*d - 35 = 0. Calculate the remainder when y is divided by 23.
18
Let x = 110 + -151. What is the remainder when 20 is divided by 0 + x/(-7) - 82/(-574)?
2
Suppose -427*p = -421*p - 222. Let z(t) = 7*t**2 - 3*t + 2. What is the remainder when p is divided by z(2)?
13
Let x = 15 + -6. Let n(u) = u - 7. Let z be n(7). Calculate the remainder when 17*-1*(z - 2) is divided by x.
7
Calculate the remainder when 1/(-10) - (-4381)/10 is divided by 21.
18
Suppose -35*l = -1054 + 179. Calculate the remainder when 121 is divided by l.
21
Suppose 4*i - 120 = 4*f, f + 5 = 2*i - 28. Let y = f - -50. Calculate the remainder when 65 is divided by y.
19
Suppose -31*f + 800 + 161 = 0. Calculate the remainder when f is divided by 30.
1
Suppose 3*z - 6*l = -3*l + 108, 66 = 2*z + l. Let u = -8 + z. Let s = -151 - -252. Calculate the remainder when s is divided by u.
23
Let b = -95 + 81. Suppose -3*u + 41 = -2*u. What is the remainder when u is divided by -2*b/2 - (0 - 0)?
13
Let b be (-2)/((-3)/18*4). Suppose b*w + 20 - 137 = 0. Let x = w - 5. Calculate the remainder when x is divided by 18.
16
Suppose 0 = 2*m - 4*m - b + 573, -2*m + b = -567. What is the remainder when m is divided by 16?
13
Suppose 5*z = 0, -3*s - 3*z + 116 = -70. What is the remainder when s is divided by -5 + 185/35 + 229/7?
29
Let v(i) be the third derivative of 7*i**4/3 + i**3/3 - 11*i**2. Calculate the remainder when v(1) is divided by 20.
18
Suppose 4*d - 8*d - 168 = 0. Calculate the remainder when 39*3*3/9 is divided by (4/12)/((-1)/d).
11
Let b(m) = m**3 - 6*m**2 + 7*m + 3. Let y(j) = j + 9. Let u be y(-7). Suppose -12 = -u*c - 0*c. What is the remainder when b(c) is divided by 12?
9
Suppose -q - 3*z + 40 = 7, 0 = -z + 1. Suppose 3*k + 0*k = 15, -3*r - 4*k = -227. What is the remainder when r is divided by q?
9
Suppose -j = -5*l - 15, 4*j - 5 = -4*l + 7. Suppose -74 = -j*b + 196. What is the remainder when b is divided by 19?
16
Let q be (-12)/8*(-16)/6. Suppose -11 = q*p - 39. What is the remainder when ((-54)/(-4))/(-9)*88/(-12) is divided by p?
4
Let f be 0 - (-126)/(3/3). Let n = f - 71. Let b = -64 + 78. What is the remainder when n is divided by b?
13
Let a = 12 + -8. Let i(u) = u + 1. Let w(p) = 7*p - 191. What is the remainder when w(30) is divided by i(a)?
4
Suppose d + 2*d - 12 = 0. Let b(y) = -y + 1 + 4*y - 3. What is the remainder when b(d) is divided by 6?
4
Let w(j) = -137*j - 19. Let d be w(-7). Suppose -12*r + d = -2*r. What is the remainder when r is divided by 12?
10
Let h(b) = 8*b + 1. Let x be h(-2). Let t = x + 33. Calculate the remainder when 53 is divided by t.
17
Let u = 62 - 17. Let s be -1 - (18 - 6/3). Let w = s - -40. What is the remainder when u is divided by w?
22
Let r(s) be the first derivative of -3*s**2/2 - 24*s + 102. Suppose -2*i = 2*v + 18, -v + 18 = -i + 5. Calculate the remainder when 34 is divided by r(i).
7
Let m be 11434/8 + 21/28. Suppose 4*w - m = -w. Suppose 2*n + 116 - w = 0. Calculate the remainder when n is divided by 22.
19
Let g = -10 - -15. Suppose 2*v - 85 = g*a, 4*v + 5*a = -0*a + 155. What is the remainder when v is divided by 13 + (1 + 0)/1?
12
Let j = 11 + -5. Suppose j*w = w. Suppose -a + 11 = 2*a + u, 4*a - 5*u - 40 = w. What is the remainder when 8 is divided by a?
3
Suppose 5*i - 89 = l, 22 = -2*i + 3*l + 55. What is the remainder when 86 is divided by i?
14
Let m = 3 + -9. Let u be (-144)/(-10) - m/(-15). Calculate the remainder when 19 is divided by u*(-2)/(-8)*2.
5
Let c be ((-36)/(-27))/(2/3). Suppose -l + c*l = 18. Calculate the remainder when l is divided by 7.
4
Let u = -16 - -16. Let z = -30 + u. Let d = z + 34. Calculate the remainder when 15 is divided by d.
3
Let u(s) = s**3 - 15*s**2 - 13*s - 29. Let z be 19 + (-3 + 4)*-3. Calculate the remainder when 91 is divided by u(z).
15
Suppose a - 5*j - 134 = 0, -j = a - 4*a + 444. What is the remainder when a is divided by 25?
24
Let h(b) = 3*b**2 - 4*b - 3. Let v(a) = -a**2. Let r(k) = -h(k) - 6*v(k). Calculate the remainder when (0/1 - -1)*13 is divided by r(-2).
6
Suppose -4*x + 4*d = -108, 0 = -5*x + 2*d + 87 + 63. Calculate the remainder when x is divided by (5 - 3)/((-2)/(-9)).
5
Let m(r) = r**2 - 7*r - 4. Let w be m(8). Let o = 27 + 1. What is the remainder when o is divided by ((-40)/14)/(w/(-14))?
8
Suppose -3*r - 5*r + 40 = 0. Suppose 0 = j - o - 0*o - 70, 2*o - 385 = -r*j. Calculate the remainder when j is divided by 39.
36
Suppose 0 = 119*b - 107*b - 1368. What is the remainder when 218 is divided by b?
104
Suppose 3*v - 177 = -51. Suppose -4*c = 5*s + 64 + 54, -3*s + 129 = -5*c. Let w = c + v. What is the remainder when 43 is divided by w?
13
What is the remainder when 298 is divided by (-830)/(-9) - (790/(-90) + 9)?
22
Suppose 5*d = -s + 47, -4*d = -3*s - 28 - 2. Let w = 13 + d. What is the remainder when 43 is divided by w?
21
Suppose 33 = 8*m - 7*m + 5*v, 2*m + 5*v - 51 = 0. Calculate the remainder when m is divided by 12.
6
Suppose -2*m - 2*b = -100, -5*b + 156 = 12*m - 9*m. Calculate the remainder when m is divided by -2 - (-21 - (-6)/3).
13
Let r(s) = s**3 - 21*s**2 + 14*s + 151. Calculate the remainder when r(20) is divided by 29.
2
Suppose 9*m - 8*m = -9. Let c = 14 + m. Calculate the remainder when 12 is divided by c.
2
Let h = -9 - -9. Suppose 0 = k + 3*d - 8 - h, 66 = 4*k - 5*d. Calculate the remainder when 3680/56 - (-4)/k is divided by 23.
20
Suppose 3*a = -3*n - 3, 4 + 7 = -5*a - 3*n. Let q(v) = -v**3 + 2*v**2 + 4*v - 5. Let i be q(a). Let h = i - 53. What is the remainder when 42 is divided by h?
20
Let l = -162 + 175. What is the remainder when 62 is divided by l?
10
Let r = 8 + 34. What is the remainder when 9 is divided by (-2)/(-3) - (-56)/r?
1
Suppose -6*v + 8*v = 82. What is the remainder when 122 is divided by v?
40
Let m be 2/5*80/32. Calculate the remainder when 82 - (-2 + m/(-2)*-10) is divided by 41.
38
Suppose 70*t + 456 = 78*t. What is the remainder when t is divided by 15?
12
Let o(i) = i**2 - 3. Let c be ((-30)/(-20))/((-2)/4). Calculate the remainder when 23 is divided by o(c).
5
Suppose 558*l - 5*d = 559*l - 33, -8 = -4*d. Let t = 0 - -80. What is the remainder when t is divided by l?
11
Let r(v) = -v**3 + 6*v**2 + 6*v + 10. Calculate the remainder when (24/15)/(-4)*350/(-14) is divided by r(7).
1
Let n(l) = 9*l**2 - 61*l - 26. What is the remainder when n(9) is divided by 69?
16
Calculate the remainder when 126 is divided by (-4)/10 - ((-456)/15 + -8).
12
Let l = -22 - -37. Calculate the remainder when 868/10 + 7/35 is divided by l.
12
Suppose -2*m = 5*c - 3*m - 222, c = 4*m + 33. What is the remainder when 582 is divided by c?
42
Suppose 13 + 15 = 4*x + 3*a, -5*a + 4 = -4*x. Suppose 0 = -x*i + i + 78. Calculate the remainder when i is divided by 6.
2
Let q(t) = 50*t - 341. What is the remainder when 1276 is divided by q(7)?
7
Suppose -143 = -5*d + 2. Suppose 2*s + 11 = d. Calculate the remainder when 24 is divided by s.
6
Let t = 16 + 22. Let l = 77 - t. Suppose -2*s - l + 93 = 0. Calculate the remainder when s is divided by 15.
12
Let i = 347 + -79. What is the remainder when i is divided by 69?
61
Suppose 0 = -2*r + 4, -3*i + 2*i = 5*r - 19. Let g = 5 - -21. Calculate the remainder when i is divided by (4 - g/5)*-5.
3
Suppose -5*q - 4*v + 371 = 0